ve s(7).
6
Let r(i) = 5*i**2 - 5*i**2 - 22 - 5*i + i**2 + 14. Suppose -8 = -h + 2*c - 3*c, -5*h = 4*c - 37. Suppose -16 = -4*d - 2*v + 2, -20 = -h*d - 3*v. What is r(d)?
6
Let v(w) = -2*w**2 - 10*w - 4. Let t(h) = -6*h**2 - 33*h - 12. Let y(j) = -2*t(j) + 7*v(j). Give y(-4).
-20
Let j(a) = 14*a - 14. Let i(h) = 41*h - 40. Let y(u) = 6*i(u) - 17*j(u). What is y(4)?
30
Suppose -2*c + 20 - 5 = 3*m, -21 = -3*c - 4*m. Let f(j) = -j**2 + 0*j**c - 198 + 194 + j**3 - j. Give f(0).
-4
Let q(y) be the second derivative of 5*y**4/4 - y**2/2 + 524*y. Give q(2).
59
Let m(g) = -g. Let w be m(1). Let u(y) = -3*y**3 + y**2 + y + 1. Let o be u(w). Suppose t = -2*t - p - 4, -o*p = -5*t + 16. Let v(z) = -z**2 + z + 9. Give v(t).
9
Let k(p) = 7*p + 1. Let h(o) = 4*o. Let g be 56/7 - (-1 + 4). Let l(n) = g*h(n) - 3*k(n). Let a(q) = 2*q + 3. Let c be a(-4). What is l(c)?
2
Suppose 0 = 4*h - 1 - 11. Let w(j) be the second derivative of -j**5/20 + j**4/4 - j**3/3 - j**2/2 + 40*j. Calculate w(h).
-7
Let m(t) = -2*t + 3. Let j(x) = -x + 2. Let b(v) = -3*j(v) + 2*m(v). Let r be b(-5). Let i(u) = 0 + 7*u**2 - 2 - 8*u**2 + r*u. Determine i(4).
2
Suppose 252*j - 12 = 258*j. Let h(k) be the third derivative of k**6/60 + k**5/20 + k**4/24 - k**3/3 - k**2. Calculate h(j).
-8
Let w(m) = 2*m**3 + m**2 + 8*m + 7. Let x be w(0). Let j(u) = u**2 - 8*u + 10. Determine j(x).
3
Let m(j) = -6*j + 12. Suppose h + 4 + 1 = -4*a, 4*h = -4*a - 20. Calculate m(h).
42
Let w(j) be the third derivative of -j**4/6 + 8*j**3/3 - 258*j**2 - 2*j. What is w(4)?
0
Suppose -36 = 39*g + 3. Let z(b) be the third derivative of 1/24*b**4 + 0*b + 1/6*b**3 + 1/30*b**5 + 0 + b**2. Give z(g).
2
Let m(i) = 6*i + 30. Let p(v) = 12*v + 51. Let w(s) = -5*m(s) + 3*p(s). What is w(-2)?
-9
Let b be (3/9)/((-1)/9). Let z = 6 - b. Let h(w) = z + 8*w - 18*w + 8*w. Calculate h(6).
-3
Let d(w) = 4*w**2 + 57*w + 17. Let r be d(-14). Let f(a) = -a**2 + 2*a + 3. Give f(r).
0
Let x(l) = l - 7. Let y(u) = u**2 - u + 6. Let f(d) = 5*x(d) + 6*y(d). Determine f(1).
6
Let y be 10*(0 - 7)*10/(-2). Suppose 5*i = -390 + y. Let c(t) = -t - 13. Calculate c(i).
-5
Let s(v) = 2*v**2 + 6*v - 7. Let t be (3/9)/((-12)/180). Determine s(t).
13
Let y(v) = -24*v - 1. Let t be y(2). Let a = t - -52. Let g(l) = 2*l**2 - l - 4. Calculate g(a).
11
Let x(n) = 4 + 15 - 30 - n**2 + 16*n. Let t(y) = -y + 1. Let a(u) = -6*t(u) - x(u). Determine a(7).
-16
Let t(r) be the third derivative of -r**6/120 + r**5/60 - r**4/12 + 2*r**2 - 123*r. Calculate t(2).
-8
Let u(r) = -3*r**3 + 2*r**2 + 8*r - 5. Let j(n) = n**3 - n**2 - 3*n + 1. Let q(b) = -5*j(b) - 2*u(b). Let l = -2 - -2. Calculate q(l).
5
Let n be (-1)/((-1)/(-24)*3). Let z(y) = 2*y**3 + 23*y**2 + 24*y - 12. Let u(j) = -3*j**3 - 34*j**2 - 35*j + 19. Let a(s) = -5*u(s) - 7*z(s). What is a(n)?
-3
Let m(o) be the third derivative of 0*o - 18*o**2 + 5/6*o**4 + 1/6*o**3 + 0. What is m(1)?
21
Let o(k) = k**3 - 9*k**2 - 17*k + 9. Let m(t) = t**3 - 9*t**2 - 16*t + 10. Suppose -u = -2*r + 7, -2*r = 3*u - 2*u + 3. Let y(d) = u*m(d) + 4*o(d). Give y(10).
6
Let k(z) = -z**3 + 7*z**2 - 6*z - 8. Suppose 4*m - 3*v = 235, m = -2*m + 5*v + 168. Let g = m + -55. Determine k(g).
-8
Let v(l) be the second derivative of l**5/20 - l**4/12 + l**3/6 + l**2 - 6*l + 8. Let w = 2 - 0. Give v(w).
8
Let k(s) = s**2 + 5*s + 2. Let f be (4/((-48)/129))/((-5)/(-20)). Let z = f + 39. Give k(z).
-2
Suppose 0*q = 2*q + 8. Let x = -1 - q. Let w(z) = -7*z**2 + 9*z**2 - x*z + 2*z. Calculate w(-2).
10
Let h be (-77)/(-33) + (-1)/3. Let q(r) = 5*r**2 + 2*r + r**3 - h*r - 6 - r. Calculate q(-5).
-1
Let f(o) = 2 - 9*o - 4 + 13*o + 3*o**2 - 2*o**2. Suppose -5*x - 4 = 4*j, 4*x + 0 = 3*j + 3. Let y = -4 - x. Determine f(y).
-2
Let g(t) = -2*t - 8. Suppose 0 = -w - 4*w - 5*d - 35, -d = -5*w - 59. Calculate g(w).
14
Let q(f) = 3*f**2 + 6*f + 7. Let p = -539 + 536. Calculate q(p).
16
Let q(o) = -5 + 4*o - 3 - o**2 - 3*o + 7. Let f(k) = 6*k**2 - 14*k + 12. Let b(m) = f(m) + 5*q(m). Calculate b(6).
-11
Let x be 0 - (-1 - -1 - 3). Let h(a) = 1 - 9*a + 3*a - 1010*a**2 + 1017*a**2 - a**x + 0. Let i be (0 + -2)/((-2)/6). Give h(i).
1
Let y(g) be the first derivative of g**3/3 - 5. Suppose -4*q = 55 - 59. Calculate y(q).
1
Suppose -11*o - 112 = -4*o. Let a be (-1)/(o/(-18) + -1). Let j(n) = -a*n**2 - 4*n**2 + n**2 + 11*n**2 - 7*n. Give j(-7).
0
Let w(h) = h**2 - 7*h - 8. Let t(x) = -x**2 + 2*x + 6. Let r be t(5). Suppose 12 = 2*s - 3*z - 12, 0 = -4*s + 3*z + 48. Let b be (s/r)/((-10)/45). Give w(b).
-14
Let s(g) = -7*g**3 - 3*g**2 + 13*g + 19. Let a(t) = -15*t**3 - 6*t**2 + 27*t + 39. Let k(o) = 6*a(o) - 13*s(o). Calculate k(-4).
-1
Suppose 410 = -5*s + 2*d, 5*s + 121 + 254 = -5*d. Let m = -85 - s. Let k(n) = n**2 + 3*n + 7. What is k(m)?
17
Let h(w) = 37*w**2 + 3*w - 2. Suppose -372*j + 357*j + 15 = 0. What is h(j)?
38
Let o(c) = -2147 - c - 2149 + 4299. Let k(y) = -y**3 + 3*y**2 - y + 3. Let g be k(3). Calculate o(g).
3
Let t(y) be the third derivative of -y**4/24 - 2*y**2. Let g(v) = -1 - 115*v**2 + 2 + 4*v + 116*v**2 - v**3. Let c be g(3). What is t(c)?
5
Let k be 1/(-2 + (-26)/(-14)). Let t(y) = -727*y**2 + 2*y**3 + y**3 - 9 + 7*y - 4*y**3 + 721*y**2 + 1. Calculate t(k).
-8
Let h(z) = -1. Let n(l) = l**2 + 19*l + 3. Let g be n(-19). Let a(c) = -4*c + 2. Let p(t) = g*h(t) + a(t). Determine p(2).
-9
Let t(o) be the first derivative of -o**6/120 - o**5/60 + o**4/8 - o**3/6 - 3*o**2 - 18. Let l(b) be the second derivative of t(b). Give l(-3).
8
Suppose -3 = 3*m - a - 2*a, -4*m + 3*a = 9. Suppose -5*l = -3*l - 10. Let i(t) = -l*t + 4*t + 6 - 13. What is i(m)?
-1
Let p(f) = -10*f**2 + 7*f - 19 + 7*f**2 + f**2. Let i(z) = -z**2 + 3*z - 9. Let o(s) = 9*i(s) - 4*p(s). Let w(v) = v**2 - 5*v. Let l be w(5). Give o(l).
-5
Let b(i) = i**2 + 3*i - 1. Suppose 17*u = 15*u + 30. Let w be -12*(-2 - (-35)/u). Calculate b(w).
3
Let c(a) be the second derivative of a**5/20 - 5*a**4/4 + a**3/2 - 37*a**2/2 + 189*a. Determine c(15).
8
Let v be (-1)/(-2)*(1 + 13). Let w be (-7)/(v/10) + 0. Let z(x) = x**3 + 9*x**2 - 9*x + 9. Let q be z(w). Let s(d) = -3*d**3. What is s(q)?
3
Let n(k) = k**3 - 3*k**2 - 6*k + 4. Let q be ((-4)/6)/((-8)/84). Suppose -2*o - 17 = -q*o + 3*m, -5 = -o - m. Give n(o).
-4
Suppose -3*j + a = -16, a = -2*j - 3*a + 20. Let h(d) = -d**3 + 7*d**2 - 7*d + 1. Give h(j).
-5
Let a(t) be the third derivative of t**6/30 - t**5/60 - t**4/24 + t**3/6 + 4*t**2. Let u(r) = -2*r**2 + 40*r + 1. Let m be u(20). Determine a(m).
3
Let v(f) = -4*f**2 + f. Suppose 0 = -15*k - 15 - 15. Calculate v(k).
-18
Let p be (-14)/252*-30*3/(-1). Let h(q) = -q**3 - 2*q**2 + 4*q - 6. Determine h(p).
49
Let o(y) = -5*y + 2. Let n be o(-1). Let z(m) = 5*m - n*m + 3*m - 2. Suppose 2*q - 4*q + 6 = 0. What is z(q)?
1
Let u(m) be the second derivative of -m**5/20 + m**4/2 - 2*m**3/3 + m**2/2 + 2*m + 20. What is u(5)?
6
Let q = -16 - -25. Let j(m) = -m**2 - 12*m + 13. Let h be j(-13). Suppose -b - 7 = 2*d - h*d, 5*b - d = q. Let s(x) = -8*x**2 - x + 1. What is s(b)?
-8
Let f(u) be the first derivative of -u**3/3 - 3*u**2 + 5*u - 215. What is f(-5)?
10
Let p(n) = n**2. Let o(b) = -b**3 + 2*b**2 + 7*b - 9. Let x(d) = -o(d) - 3*p(d). Let q(v) = v - 2. Let h be q(8). Give x(h).
3
Let d(p) = -p + 0*p**2 + 0*p**3 + 0*p - 4 - 3*p**2 + p**3. Let q(m) = 2*m**3 - 5*m**2 - 3*m - 9. Let t(r) = 5*d(r) - 2*q(r). Calculate t(5).
3
Let d(m) = -60 - m - 52 + 112 - 36*m**2. Give d(-1).
-35
Let v be (-5 - 3) + 9 + 2. Let h(x) be the third derivative of 0 - 7/24*x**4 + 0*x + 1/3*x**3 - 7/60*x**5 - v*x**2 - 1/120*x**6. What is h(-5)?
-13
Let p(b) be the second derivative of b**3/6 - 11*b**2/2 - 4*b. Let r(o) = o - 5. Let w(z) = -6*p(z) + 13*r(z). Give w(-2).
-13
Let g(i) = i**2 - i + 1. Suppose 2*m + 399 = 3*b, -6*b + m = -b - 665. Suppose -b = -t - 130. Determine g(t).
7
Let p(o) = o**3 - o - 2. Let h be 80 + 1*16/4. Let d = h - 84. Give p(d).
-2
Let p(a) = a**3 + 3*a**2 + 3*a + 1. Let c = 17 - 15. Suppose -2*l = 4*w + 12, c*l - 3*l + 6 = -2*w. Calculate p(w).
-8
Let h(a) = 36 - 4 - 4 - 13 - 12 - 2*a**2. Determine h(-2).
-5
Let j(c) = 20 - 40 - c + 11. Suppose 5*n - n + 60 = 5*t, -n - 6 = t. Give j(n).
1
Let v(n) be the third derivative of -n**4/24 - n**3/6 + 10*n**2. Let f be v(-2). Let k(t) = 7*t**3 - 1